{"id":35,"date":"2016-03-22T09:16:30","date_gmt":"2016-03-22T07:16:30","guid":{"rendered":"https:\/\/www.atelier-du-temps.com\/\/?page_id=35"},"modified":"2025-01-20T16:57:10","modified_gmt":"2025-01-20T15:57:10","slug":"a-propos-de-lassociation","status":"publish","type":"page","link":"https:\/\/www.atelier-du-temps.com\/accueil-new\/accueil\/a-propos-de-lassociation\/","title":{"rendered":"A propos de l&rsquo;association"},"content":{"rendered":"<div class=\"wpb-content-wrapper\">[vc_row][vc_column][vc_column_text]L&rsquo;ATELIER DU TEMPS est une Association LOI 1901 cr\u00e9\u00e9e le 17 novembre 1981<br \/>\nSon si\u00e8ge social se situe : Salle de La Crapaudine &#8211; 24 Rue des Gobelets &#8211; 44200 NANTES<br \/>\nElle est affili\u00e9e \u00e0 la FFVE (F\u00e9d\u00e9ration Fran\u00e7aise des V\u00e9hicules d&rsquo;Epoque)[\/vc_column_text][\/vc_column][\/vc_row][vc_row][vc_column][vc_column_text css=\u00a0\u00bb\u00a0\u00bb]\n<div>\n<p><strong>R\u00e9union Mensuelle, Adh\u00e9sion et Cotisation<\/strong><\/p>\n<\/div>\n<div><span style=\"font-family: Arial, Helvetica, sans-serif; font-size: 14px;\">Chaque mois (sauf juillet et d\u00e9cembre), le 3\u00e8me mercredi \u00e0 partir de 19h15 jusqu&rsquo;\u00e0 23h,( sauf en juillet) une salle de r\u00e9union (adresse du si\u00e8ge social) nous est mise \u00e0 disposition par le service de la vie associative de la ville de Nantes.<\/span><\/div>\n<div><span style=\"font-family: Arial, Helvetica, sans-serif; font-size: 14px;\"><a href=\"https:\/\/www.atelier-du-temps.com\/wp-content\/uploads\/2016\/08\/Images-Nantes.png\"><img loading=\"lazy\" decoding=\"async\" class=\"aligncenter wp-image-7602\" src=\"https:\/\/www.atelier-du-temps.com\/wp-content\/uploads\/2016\/08\/Images-Nantes-150x150.png\" alt=\"Images Nantes\" width=\"120\" height=\"120\" srcset=\"https:\/\/www.atelier-du-temps.com\/wp-content\/uploads\/2016\/08\/Images-Nantes-150x150.png 150w, https:\/\/www.atelier-du-temps.com\/wp-content\/uploads\/2016\/08\/Images-Nantes.png 154w\" sizes=\"auto, (max-width: 120px) 100vw, 120px\" \/><\/a><\/span><\/div>\n<div><span style=\"font-family: Arial, Helvetica, sans-serif; font-size: 14px;\">Toute personne d\u00e9sireuse de nous rencontrer est cordialement invit\u00e9e.<\/span><br \/>\n<span style=\"font-family: Arial, Helvetica, sans-serif; font-size: 14px;\">Il n&rsquo;est pas obligatoire de poss\u00e9der un v\u00e9hicule ancien pour adh\u00e9rer au club.<\/span><\/div>\n<div><\/div>\n<p><strong>Objectifs du Club<\/strong><\/p>\n<div id=\"titre\">\n<ul>\n<li><span style=\"font-family: Arial, Helvetica, sans-serif; font-size: 14px;\">Sensibilisation aux aspects de la restauration et conservation des v\u00e9hicules routiers de collection (automobiles, deux-roues, tricycles \u00e0 moteur, camions &#8230;) et de leurs accessoires.<\/span><\/li>\n<li><span style=\"font-family: Arial, Helvetica, sans-serif; font-size: 14px;\">R\u00e9alisation d&rsquo;animations : rallyes touristiques, promenades, bourses d&rsquo;\u00e9changes, ventes entre particuliers, mises en sc\u00e8ne \u00e0 l&rsquo;aide de d\u00e9cors dans un but d&rsquo;exposition.<\/span><\/li>\n<li><span style=\"font-family: Arial, Helvetica, sans-serif; font-size: 14px;\">Organisation de journ\u00e9es techniques sur des th\u00e8mes m\u00e9caniques, anim\u00e9es par des adh\u00e9rents sp\u00e9cialistes (d\u00e9monstrations, conseils, pratiques).<\/span><\/li>\n<li><span style=\"font-family: Arial, Helvetica, sans-serif; font-size: 14px;\">Participation \u00e0 des \u00e9v\u00e9nements li\u00e9s \u00e0 l&rsquo;automobile de collection comme par exemple la visite du salon R\u00e9tromobile.<\/span><\/li>\n<li><span style=\"font-family: Arial, Helvetica, sans-serif; font-size: 14px;\">R\u00e9union mensuelle des adh\u00e9rents en fin de<\/span><span style=\"font-family: Arial, Helvetica, sans-serif; font-size: 14px;\"> mois souvent suivi d&rsquo;un repas.<\/span><\/li>\n<\/ul>\n<div><\/div>\n<div id=\"titre\"><span style=\"font-family: Arial, Helvetica, sans-serif; font-size: 14px;\"><strong>Local Atelier Stockage<\/strong><\/span><\/div>\n<p><span style=\"font-family: Arial, Helvetica, sans-serif; font-size: 14px;\">L&rsquo;association dispose d&rsquo;un local \u00e0 une vingtaine de kilom\u00e8tres au sud-est de Nantes. Ce local a une triple fonction :<\/span><\/p>\n<ul>\n<li><span style=\"font-family: Arial, Helvetica, sans-serif; font-size: 14px;\">mettre \u00e0 la disposition des adh\u00e9rents des mat\u00e9riels<span class=\"Style5\">*<\/span> \u00ab\u00a0lourds\u00a0\u00bb permettant la restauration et l&rsquo;entretien des v\u00e9hicules,<\/span><\/li>\n<li><span style=\"font-family: Arial, Helvetica, sans-serif; font-size: 14px;\">proposer aux adh\u00e9rents quelques places de stockage,<\/span><\/li>\n<li><span style=\"font-family: Arial, Helvetica, sans-serif; font-size: 14px;\">organiser des journ\u00e9es techniques sur un th\u00e8me m\u00e9canique.<\/span><\/li>\n<\/ul>\n<p><span style=\"font-family: Arial, Helvetica, sans-serif; font-size: 14px;\">*pont \u00e9l\u00e9vateur, compresseur, postes \u00e0 souder, plieuse, presse, outillages pneumatiques, cabine de sablage, grue et divers.<\/span><\/p>\n<p><span style=\"font-family: Arial, Helvetica, sans-serif; font-size: 14px;\">La\u00a0charte d&rsquo;utilisation des mat\u00e9riels doit \u00eatre obligatoirement compl\u00e9t\u00e9e et sign\u00e9e par l&rsquo;utilisateur et le locataire puis retourn\u00e9e au responsable atelier. Dans le cas contraire, le club se d\u00e9sengage de toutes responsabilit\u00e9s en cas d&rsquo;accident.<\/span><\/p>\n<p><span style=\"font-family: Arial, Helvetica, sans-serif; font-size: 14px;\">Il est \u00e0 noter que le non paiement des loyers entra\u00eene l&rsquo;exclusion de l&rsquo;association et la sortie imm\u00e9diate du v\u00e9hicule.<\/span><\/p>\n<p><span style=\"font-family: Arial, Helvetica, sans-serif; font-size: 14px;\"><strong>Statuts et Composition du Bureau<\/strong><\/span><\/p>\n<p><span style=\"font-family: Arial, Helvetica, sans-serif; font-size: 14px;\">L&rsquo;\u00e9lection des membres du bureau, qui se d\u00e9roule par vote \u00e0 bulletin secret, a lieu pendant l&rsquo;assembl\u00e9e g\u00e9n\u00e9rale qui se tient chaque ann\u00e9e au mois de janvier, le bureau \u00e9tant \u00e9lu pour un an.<\/span><br \/>\n<span style=\"font-family: Arial, Helvetica, sans-serif; font-size: 14px;\"> Le bureau \u00e9lu d\u00e9cide de l&rsquo;affectation des fonctions selon les d\u00e9sirs exprim\u00e9s par les adh\u00e9rents et les convenances personnelles des membres qui le compose.<\/span><br \/>\n<span style=\"font-family: Arial, Helvetica, sans-serif; font-size: 14px;\"> N&rsquo;importe quel adh\u00e9rent peut \u00e9galement se proposer pour pourvoir \u00e0 une responsabilit\u00e9 particuli\u00e8re en prenant en charge le suivi d&rsquo;une activit\u00e9 bien pr\u00e9cise (exemple des responsables atelier).<\/span><br \/>\n<span style=\"font-family: Arial, Helvetica, sans-serif; font-size: 14px;\"> Le renouvellement partiel du bureau en cours d&rsquo;ann\u00e9e est possible en cas de d\u00e9mission d&rsquo;un membre pour raison personnelle et argument\u00e9e (le rempla\u00e7ant \u00e9tant alors \u00e9lu par vote majoritaire \u00e0 main lev\u00e9e).<\/span><br \/>\n<span style=\"font-family: Arial, Helvetica, sans-serif; font-size: 14px;\"> L&rsquo;\u00e9quipe dirigeante se doit d&rsquo;\u00eatre unie, solidaire et respectueuse des d\u00e9sirs du plus grand nombre des adh\u00e9rents.<\/span><\/p>\n<\/div>\n[\/vc_column_text][\/vc_column][\/vc_row]\n<\/div>","protected":false},"excerpt":{"rendered":"<p>[vc_row][vc_column][vc_column_text]L&rsquo;ATELIER DU TEMPS est une Association LOI 1901 cr\u00e9\u00e9e le 17 novembre 1981 Son si\u00e8ge social se situe : Salle de La Crapaudine &#8211; 24 Rue des Gobelets &#8211; 44200 NANTES Elle est affili\u00e9e \u00e0 la FFVE (F\u00e9d\u00e9ration Fran\u00e7aise des&hellip;<\/p>\n","protected":false},"author":1,"featured_media":0,"parent":52531,"menu_order":0,"comment_status":"closed","ping_status":"closed","template":"","meta":{"_crdt_document":"","_exactmetrics_skip_tracking":false,"_exactmetrics_sitenote_active":false,"_exactmetrics_sitenote_note":"","_exactmetrics_sitenote_category":0,"_price":"","_stock":"","_tribe_ticket_header":"","_tribe_default_ticket_provider":"","_tribe_ticket_capacity":"0","_ticket_start_date":"","_ticket_end_date":"","_tribe_ticket_show_description":"","_tribe_ticket_show_not_going":false,"_tribe_ticket_use_global_stock":"","_tribe_ticket_global_stock_level":"","_global_stock_mode":"","_global_stock_cap":"","_tribe_rsvp_for_event":"","_tribe_ticket_going_count":"","_tribe_ticket_not_going_count":"","_tribe_tickets_list":"[]","_tribe_ticket_has_attendee_info_fields":false,"footnotes":"","_tec_slr_enabled":"","_tec_slr_layout":""},"class_list":["post-35","page","type-page","status-publish","hentry","entry","no-media"],"yoast_head":"<!-- This site is optimized with the Yoast SEO plugin v27.4 - https:\/\/yoast.com\/product\/yoast-seo-wordpress\/ -->\n<title>A propos de l&#039;association - ATELIER DU TEMPS<\/title>\n<meta name=\"robots\" content=\"index, follow, max-snippet:-1, max-image-preview:large, max-video-preview:-1\" \/>\n<link rel=\"canonical\" href=\"https:\/\/www.atelier-du-temps.com\/accueil-new\/accueil\/a-propos-de-lassociation\/\" \/>\n<meta property=\"og:locale\" content=\"fr_FR\" \/>\n<meta property=\"og:type\" content=\"article\" \/>\n<meta property=\"og:title\" content=\"A propos de l&#039;association - ATELIER DU TEMPS\" \/>\n<meta property=\"og:description\" content=\"[vc_row][vc_column][vc_column_text]L&rsquo;ATELIER DU TEMPS est une Association LOI 1901 cr\u00e9\u00e9e le 17 novembre 1981 Son si\u00e8ge social se situe : Salle de La Crapaudine &#8211; 24 Rue des Gobelets &#8211; 44200 NANTES Elle est affili\u00e9e \u00e0 la FFVE (F\u00e9d\u00e9ration Fran\u00e7aise des&hellip;\" \/>\n<meta property=\"og:url\" content=\"https:\/\/www.atelier-du-temps.com\/accueil-new\/accueil\/a-propos-de-lassociation\/\" \/>\n<meta property=\"og:site_name\" content=\"ATELIER DU TEMPS\" \/>\n<meta property=\"article:modified_time\" content=\"2025-01-20T15:57:10+00:00\" \/>\n<meta property=\"og:image\" content=\"https:\/\/www.atelier-du-temps.com\/wp-content\/uploads\/2016\/08\/Images-Nantes.png\" \/>\n\t<meta property=\"og:image:width\" content=\"154\" \/>\n\t<meta property=\"og:image:height\" content=\"154\" \/>\n\t<meta property=\"og:image:type\" content=\"image\/png\" \/>\n<meta name=\"twitter:card\" content=\"summary_large_image\" \/>\n<meta name=\"twitter:label1\" content=\"Dur\u00e9e de lecture estim\u00e9e\" \/>\n\t<meta name=\"twitter:data1\" content=\"3 minutes\" \/>\n<script type=\"application\/ld+json\" class=\"yoast-schema-graph\">{\"@context\":\"https:\\\/\\\/schema.org\",\"@graph\":[{\"@type\":\"WebPage\",\"@id\":\"https:\\\/\\\/www.atelier-du-temps.com\\\/accueil-new\\\/accueil\\\/a-propos-de-lassociation\\\/\",\"url\":\"https:\\\/\\\/www.atelier-du-temps.com\\\/accueil-new\\\/accueil\\\/a-propos-de-lassociation\\\/\",\"name\":\"A propos de l'association - ATELIER DU TEMPS\",\"isPartOf\":{\"@id\":\"https:\\\/\\\/www.atelier-du-temps.com\\\/accueil-new\\\/#website\"},\"primaryImageOfPage\":{\"@id\":\"https:\\\/\\\/www.atelier-du-temps.com\\\/accueil-new\\\/accueil\\\/a-propos-de-lassociation\\\/#primaryimage\"},\"image\":{\"@id\":\"https:\\\/\\\/www.atelier-du-temps.com\\\/accueil-new\\\/accueil\\\/a-propos-de-lassociation\\\/#primaryimage\"},\"thumbnailUrl\":\"https:\\\/\\\/www.atelier-du-temps.com\\\/wp-content\\\/uploads\\\/2016\\\/08\\\/Images-Nantes-150x150.png\",\"datePublished\":\"2016-03-22T07:16:30+00:00\",\"dateModified\":\"2025-01-20T15:57:10+00:00\",\"breadcrumb\":{\"@id\":\"https:\\\/\\\/www.atelier-du-temps.com\\\/accueil-new\\\/accueil\\\/a-propos-de-lassociation\\\/#breadcrumb\"},\"inLanguage\":\"fr-FR\",\"potentialAction\":[{\"@type\":\"ReadAction\",\"target\":[\"https:\\\/\\\/www.atelier-du-temps.com\\\/accueil-new\\\/accueil\\\/a-propos-de-lassociation\\\/\"]}]},{\"@type\":\"ImageObject\",\"inLanguage\":\"fr-FR\",\"@id\":\"https:\\\/\\\/www.atelier-du-temps.com\\\/accueil-new\\\/accueil\\\/a-propos-de-lassociation\\\/#primaryimage\",\"url\":\"https:\\\/\\\/www.atelier-du-temps.com\\\/wp-content\\\/uploads\\\/2016\\\/08\\\/Images-Nantes-150x150.png\",\"contentUrl\":\"https:\\\/\\\/www.atelier-du-temps.com\\\/wp-content\\\/uploads\\\/2016\\\/08\\\/Images-Nantes-150x150.png\"},{\"@type\":\"BreadcrumbList\",\"@id\":\"https:\\\/\\\/www.atelier-du-temps.com\\\/accueil-new\\\/accueil\\\/a-propos-de-lassociation\\\/#breadcrumb\",\"itemListElement\":[{\"@type\":\"ListItem\",\"position\":1,\"name\":\"Accueil\",\"item\":\"https:\\\/\\\/www.atelier-du-temps.com\\\/accueil-new\\\/\"},{\"@type\":\"ListItem\",\"position\":2,\"name\":\"Accueil\",\"item\":\"https:\\\/\\\/www.atelier-du-temps.com\\\/accueil-new\\\/accueil\\\/\"},{\"@type\":\"ListItem\",\"position\":3,\"name\":\"A propos de l&rsquo;association\"}]},{\"@type\":\"WebSite\",\"@id\":\"https:\\\/\\\/www.atelier-du-temps.com\\\/accueil-new\\\/#website\",\"url\":\"https:\\\/\\\/www.atelier-du-temps.com\\\/accueil-new\\\/\",\"name\":\"ATELIER DU TEMPS\",\"description\":\"Le mus\u00e9e vivant de l&#039;automobile\",\"publisher\":{\"@id\":\"https:\\\/\\\/www.atelier-du-temps.com\\\/accueil-new\\\/#organization\"},\"potentialAction\":[{\"@type\":\"SearchAction\",\"target\":{\"@type\":\"EntryPoint\",\"urlTemplate\":\"https:\\\/\\\/www.atelier-du-temps.com\\\/accueil-new\\\/?s={search_term_string}\"},\"query-input\":{\"@type\":\"PropertyValueSpecification\",\"valueRequired\":true,\"valueName\":\"search_term_string\"}}],\"inLanguage\":\"fr-FR\"},{\"@type\":\"Organization\",\"@id\":\"https:\\\/\\\/www.atelier-du-temps.com\\\/accueil-new\\\/#organization\",\"name\":\"ATELIER DU TEMPS\",\"url\":\"https:\\\/\\\/www.atelier-du-temps.com\\\/accueil-new\\\/\",\"logo\":{\"@type\":\"ImageObject\",\"inLanguage\":\"fr-FR\",\"@id\":\"https:\\\/\\\/www.atelier-du-temps.com\\\/accueil-new\\\/#\\\/schema\\\/logo\\\/image\\\/\",\"url\":\"https:\\\/\\\/www.atelier-du-temps.com\\\/wp-content\\\/uploads\\\/AT-logo-site-scaled.jpg\",\"contentUrl\":\"https:\\\/\\\/www.atelier-du-temps.com\\\/wp-content\\\/uploads\\\/AT-logo-site-scaled.jpg\",\"width\":2560,\"height\":1150,\"caption\":\"ATELIER DU TEMPS\"},\"image\":{\"@id\":\"https:\\\/\\\/www.atelier-du-temps.com\\\/accueil-new\\\/#\\\/schema\\\/logo\\\/image\\\/\"}}]}<\/script>\n<!-- \/ Yoast SEO plugin. -->","yoast_head_json":{"title":"A propos de l'association - ATELIER DU TEMPS","robots":{"index":"index","follow":"follow","max-snippet":"max-snippet:-1","max-image-preview":"max-image-preview:large","max-video-preview":"max-video-preview:-1"},"canonical":"https:\/\/www.atelier-du-temps.com\/accueil-new\/accueil\/a-propos-de-lassociation\/","og_locale":"fr_FR","og_type":"article","og_title":"A propos de l'association - ATELIER DU TEMPS","og_description":"[vc_row][vc_column][vc_column_text]L&rsquo;ATELIER DU TEMPS est une Association LOI 1901 cr\u00e9\u00e9e le 17 novembre 1981 Son si\u00e8ge social se situe : Salle de La Crapaudine &#8211; 24 Rue des Gobelets &#8211; 44200 NANTES Elle est affili\u00e9e \u00e0 la FFVE (F\u00e9d\u00e9ration Fran\u00e7aise des&hellip;","og_url":"https:\/\/www.atelier-du-temps.com\/accueil-new\/accueil\/a-propos-de-lassociation\/","og_site_name":"ATELIER DU TEMPS","article_modified_time":"2025-01-20T15:57:10+00:00","og_image":[{"width":154,"height":154,"url":"https:\/\/www.atelier-du-temps.com\/wp-content\/uploads\/2016\/08\/Images-Nantes.png","type":"image\/png"}],"twitter_card":"summary_large_image","twitter_misc":{"Dur\u00e9e de lecture estim\u00e9e":"3 minutes"},"schema":{"@context":"https:\/\/schema.org","@graph":[{"@type":"WebPage","@id":"https:\/\/www.atelier-du-temps.com\/accueil-new\/accueil\/a-propos-de-lassociation\/","url":"https:\/\/www.atelier-du-temps.com\/accueil-new\/accueil\/a-propos-de-lassociation\/","name":"A propos de l'association - ATELIER DU TEMPS","isPartOf":{"@id":"https:\/\/www.atelier-du-temps.com\/accueil-new\/#website"},"primaryImageOfPage":{"@id":"https:\/\/www.atelier-du-temps.com\/accueil-new\/accueil\/a-propos-de-lassociation\/#primaryimage"},"image":{"@id":"https:\/\/www.atelier-du-temps.com\/accueil-new\/accueil\/a-propos-de-lassociation\/#primaryimage"},"thumbnailUrl":"https:\/\/www.atelier-du-temps.com\/wp-content\/uploads\/2016\/08\/Images-Nantes-150x150.png","datePublished":"2016-03-22T07:16:30+00:00","dateModified":"2025-01-20T15:57:10+00:00","breadcrumb":{"@id":"https:\/\/www.atelier-du-temps.com\/accueil-new\/accueil\/a-propos-de-lassociation\/#breadcrumb"},"inLanguage":"fr-FR","potentialAction":[{"@type":"ReadAction","target":["https:\/\/www.atelier-du-temps.com\/accueil-new\/accueil\/a-propos-de-lassociation\/"]}]},{"@type":"ImageObject","inLanguage":"fr-FR","@id":"https:\/\/www.atelier-du-temps.com\/accueil-new\/accueil\/a-propos-de-lassociation\/#primaryimage","url":"https:\/\/www.atelier-du-temps.com\/wp-content\/uploads\/2016\/08\/Images-Nantes-150x150.png","contentUrl":"https:\/\/www.atelier-du-temps.com\/wp-content\/uploads\/2016\/08\/Images-Nantes-150x150.png"},{"@type":"BreadcrumbList","@id":"https:\/\/www.atelier-du-temps.com\/accueil-new\/accueil\/a-propos-de-lassociation\/#breadcrumb","itemListElement":[{"@type":"ListItem","position":1,"name":"Accueil","item":"https:\/\/www.atelier-du-temps.com\/accueil-new\/"},{"@type":"ListItem","position":2,"name":"Accueil","item":"https:\/\/www.atelier-du-temps.com\/accueil-new\/accueil\/"},{"@type":"ListItem","position":3,"name":"A propos de l&rsquo;association"}]},{"@type":"WebSite","@id":"https:\/\/www.atelier-du-temps.com\/accueil-new\/#website","url":"https:\/\/www.atelier-du-temps.com\/accueil-new\/","name":"ATELIER DU TEMPS","description":"Le mus\u00e9e vivant de l&#039;automobile","publisher":{"@id":"https:\/\/www.atelier-du-temps.com\/accueil-new\/#organization"},"potentialAction":[{"@type":"SearchAction","target":{"@type":"EntryPoint","urlTemplate":"https:\/\/www.atelier-du-temps.com\/accueil-new\/?s={search_term_string}"},"query-input":{"@type":"PropertyValueSpecification","valueRequired":true,"valueName":"search_term_string"}}],"inLanguage":"fr-FR"},{"@type":"Organization","@id":"https:\/\/www.atelier-du-temps.com\/accueil-new\/#organization","name":"ATELIER DU TEMPS","url":"https:\/\/www.atelier-du-temps.com\/accueil-new\/","logo":{"@type":"ImageObject","inLanguage":"fr-FR","@id":"https:\/\/www.atelier-du-temps.com\/accueil-new\/#\/schema\/logo\/image\/","url":"https:\/\/www.atelier-du-temps.com\/wp-content\/uploads\/AT-logo-site-scaled.jpg","contentUrl":"https:\/\/www.atelier-du-temps.com\/wp-content\/uploads\/AT-logo-site-scaled.jpg","width":2560,"height":1150,"caption":"ATELIER DU TEMPS"},"image":{"@id":"https:\/\/www.atelier-du-temps.com\/accueil-new\/#\/schema\/logo\/image\/"}}]}},"ticketed":false,"_links":{"self":[{"href":"https:\/\/www.atelier-du-temps.com\/accueil-new\/wp-json\/wp\/v2\/pages\/35","targetHints":{"allow":["GET"]}}],"collection":[{"href":"https:\/\/www.atelier-du-temps.com\/accueil-new\/wp-json\/wp\/v2\/pages"}],"about":[{"href":"https:\/\/www.atelier-du-temps.com\/accueil-new\/wp-json\/wp\/v2\/types\/page"}],"author":[{"embeddable":true,"href":"https:\/\/www.atelier-du-temps.com\/accueil-new\/wp-json\/wp\/v2\/users\/1"}],"replies":[{"embeddable":true,"href":"https:\/\/www.atelier-du-temps.com\/accueil-new\/wp-json\/wp\/v2\/comments?post=35"}],"version-history":[{"count":3,"href":"https:\/\/www.atelier-du-temps.com\/accueil-new\/wp-json\/wp\/v2\/pages\/35\/revisions"}],"predecessor-version":[{"id":61381,"href":"https:\/\/www.atelier-du-temps.com\/accueil-new\/wp-json\/wp\/v2\/pages\/35\/revisions\/61381"}],"up":[{"embeddable":true,"href":"https:\/\/www.atelier-du-temps.com\/accueil-new\/wp-json\/wp\/v2\/pages\/52531"}],"wp:attachment":[{"href":"https:\/\/www.atelier-du-temps.com\/accueil-new\/wp-json\/wp\/v2\/media?parent=35"}],"curies":[{"name":"wp","href":"https:\/\/api.w.org\/{rel}","templated":true}]}}